Let i be ((-5913)/36)/((-9)/(-24)). Let g = i + 655. What is the tens digit of g?
1
Let n(i) = -19*i - 11. Let r(o) = -1. Let z(g) = -n(g) + 2*r(g). Let h be z(-4). Let m = -26 - h. What is the units digit of m?
1
Let v(d) be the second derivative of -2/3*d**3 + d + 0 - 2*d**2. What is the units digit of v(-5)?
6
Suppose 0 = 5*k - 3*r - 0*r - 1773, -4*r - 698 = -2*k. Let c = -248 + k. Let t = c - 47. What is the units digit of t?
2
Let i be (-2)/(((-5)/4)/5). Suppose -v + 5*m = -i, -4*m = 4 - 0. Suppose -v*j - 1 = -4. What is the units digit of j?
1
Let r = -25 + 31. Suppose 2*s + 5*m - 35 = -r, 52 = 4*s + 4*m. What is the tens digit of s?
1
Let y = 1640 + -1092. What is the hundreds digit of y?
5
Let p(v) = -v**2 - 56*v - 66. What is the units digit of p(-23)?
3
Suppose -185*j = -166*j - 29887. What is the units digit of j?
3
Suppose -5*l + 7647 - 417 = 0. What is the tens digit of l?
4
Let i be (-6)/(-39) - (-672)/26. Let t = i - -2. What is the tens digit of t?
2
Suppose 5*x = 0, -2*s + s = 2*x - 1. Let i be 9*4/(-6)*s. Let o = i - -7. What is the units digit of o?
1
Let m be ((-4)/(-3))/(8/12). Let g = m - 0. Suppose -4*o + 0*q - 4*q = -4, -3*o - g*q = -8. What is the units digit of o?
6
What is the hundreds digit of -3818*((-57)/6 + 9)?
9
Suppose 2*x + 19 - 29 = 0. Suppose -x*q - i + 27 = 0, 0*q - 3*q + 30 = -4*i. What is the units digit of q?
6
Suppose 2*y = -3*m + 31, 2*m - y - 19 = -2*y. What is the hundreds digit of ((-514)/4)/((-65)/(-10) - m)?
2
Suppose 0 = 5*p - 468 - 987. What is the units digit of p?
1
Let h(f) = 9*f + 11 + 2*f + 3 + 7. What is the units digit of h(7)?
8
Let a = -24 - -111. Suppose z - a = 2*k, 3*z = 5*z - k - 171. What is the tens digit of z?
8
Let w be 4 - ((-4)/20 - (-32)/10). Suppose 0 = q - 7 + w. What is the units digit of q?
6
Suppose 2*r = 6*r. Suppose r = -5*x + 4*v + 179 + 275, 4 = v. What is the tens digit of x?
9
What is the tens digit of (-11)/(275/15) - 4886/(-10)?
8
Suppose -2*m = 2*m - 120. Let l be m/(-4)*12/9. Let i = 35 + l. What is the tens digit of i?
2
Let g(z) = z**3 + 3*z**2 + 3*z - 2. Let f be g(-3). Let n = -18 - -30. Let h = f + n. What is the units digit of h?
1
Let x(d) = -2*d + 1. Let v(s) = 2*s**2 + 9*s - 5. Let i(p) = v(p) + 5*x(p). Suppose -3*q - 12 = 0, -q - 10 = -3*f - 0*q. What is the units digit of i(f)?
6
Let h = -41 - -62. What is the tens digit of (4/7 - (-9)/h)*62?
6
Suppose m - 28 = -2*y - 11, -m = -4*y + 43. What is the tens digit of 1*-44*(-5)/y?
2
Let y be (13 + 2)*(-8)/(-4). Suppose 5*b = 3*x - y, -2*x - b = 2*b - 1. Suppose 0 = x*c + w - 64, 49 = 4*c + 6*w - 3*w. What is the units digit of c?
3
Let v = -198 - -84. Let x = v - -197. What is the units digit of x?
3
Let l(z) = 186*z - 12. What is the tens digit of l(2)?
6
Suppose -j - x = 13, 3*j - j = -4*x - 16. Let t(k) = k**2 + 13*k - 26. What is the units digit of t(j)?
4
Suppose -14*s + 9310 = -0*s. What is the hundreds digit of s?
6
Suppose 3*j - 17 = j + o, -3*o = j - 5. Suppose -2*v - j = 0, 2*b + v = -2*v. What is the tens digit of -3*2*b/(-3)?
1
Let u = -307 - -557. What is the hundreds digit of u?
2
Let q = -55 - -57. Suppose -2*d = -0*d + 2*c - q, -4*c - 10 = -3*d. What is the units digit of d?
2
Let b be (45/10)/(3/4). Suppose -4*v - b = -7*v. Suppose -34 = -2*z - v. What is the tens digit of z?
1
Let k(o) = -11*o - 7. Let x be k(13). Let u be 396/(-15)*x/12. Suppose 8*j - u = 3*j. What is the units digit of j?
6
Suppose 0 = 5*h - 5*k - 3 + 23, 5*k + 43 = -2*h. Let s = 25 + h. Suppose -72 = -p - s. What is the tens digit of p?
5
Let k = -1400 + 2462. What is the thousands digit of k?
1
Suppose 3*r = m + 14, 0*m + 3*r = -2*m - 1. Let t be (-47)/m + 14/(-35). Let i(l) = -l**3 + 8*l**2 + 11*l + 5. What is the tens digit of i(t)?
2
Let v be 4*(-4)/8 - -2. Let b(h) = h + 10. Let i be b(v). What is the units digit of i/(-35) - (-37)/7?
5
What is the units digit of 4857/6 - (-5)/2?
2
Suppose -4*l + 2050 = t, 548 = l - 2*t + 31. What is the units digit of l?
3
Suppose 2*a = 5 - 1. Let m be (1/a)/((-4)/(-40)). Suppose 0 = 2*c + 3*c + 20, 26 = m*j - 4*c. What is the units digit of j?
2
Let o = 16 + -13. Suppose -7*n + 3*n + 8 = -p, -o*n = -9. Suppose 2*g = p + 28. What is the units digit of g?
6
Let y(q) = -2*q - 6*q - 9 - 12*q + q. What is the units digit of y(-3)?
8
What is the hundreds digit of (-3 + 6/(-9))/((-2)/840)?
5
Suppose -3*p + 5*p = 8. Suppose -54 - 251 = -5*c + 3*d, p*d = 20. What is the units digit of c?
4
Let x(t) = -t**3 - 6*t**2 + 6*t - 5. Let z(n) = -n**3 + 5*n**2 - n - 2. Let f be z(5). Let h be x(f). Suppose 0*l + 76 = h*l. What is the units digit of l?
8
Suppose 2*y - 3*r - 1 - 1 = 0, 5*r = -5*y + 30. What is the tens digit of -1*y + (10 - -33)?
3
Suppose 0*v = 9*v - 396. What is the tens digit of v?
4
Suppose 101 + 7 = 3*z. Let y = -32 + z. What is the units digit of (-3546)/(-72) + (-1)/y?
9
Suppose -p - 28 + 12 = -4*r, 0 = 3*p + 12. Suppose -2*o + 5*d = -4 + 1, -r*d - 5 = 2*o. Let v(n) = -27*n**3 - 2*n**2 - n. What is the units digit of v(o)?
6
Let m = 9 - 4. Suppose -i = -m*u + 2*i + 308, i = 3*u - 184. Suppose -3*j = -j + 2*l - 26, l = -5*j + u. What is the tens digit of j?
1
Suppose l = 3*l - 4. Suppose -4 = 2*s, -4*d + l*s = 7 + 25. Let v = 9 - d. What is the tens digit of v?
1
Let p be (2/(-3))/((-4)/24). Let y be 90/p + (-1)/2. Let q = 67 - y. What is the units digit of q?
5
Let w(z) = z**3 - 9*z**2 + 4*z - 21. Let g be w(9). What is the units digit of (-4 + 66/g)*10?
4
What is the tens digit of 2/((6/(-72))/(6/(-4)))?
3
Suppose -64*j - 6629 = -20773. What is the units digit of j?
1
Let q = -92 - -180. Suppose -3*f + q = -14. Suppose -4*x + 2*x = -f. What is the tens digit of x?
1
What is the units digit of (18/(-90))/((-2)/35630)?
3
Suppose 2*t + 2*z - 68 = 356, t - 2*z = 206. What is the tens digit of (-372)/(-7) - 6/t*5?
5
Suppose -110*j - 106050 = -140*j. What is the units digit of j?
5
Suppose 3*x = s + 679 + 716, 4*x - 1844 = -4*s. What is the tens digit of x?
6
Let p(q) be the third derivative of q**7/504 - q**6/180 + q**5/60 - 8*q**2. Let z(m) be the third derivative of p(m). What is the units digit of z(2)?
6
Suppose 134 = 3*r - 3*d + 32, r + 3*d - 42 = 0. Let u = 161 - r. What is the units digit of u?
5
Let d = -26 - -26. Suppose d = s + 2*k - 62 + 17, 0 = -s - 3*k + 47. What is the tens digit of s?
4
Let c(a) = a**3 - 4*a**2 + a + 19. What is the tens digit of c(9)?
3
Let c = -32 + 36. Let n(t) = 2 - 27*t - 30*t + 5 - c. What is the tens digit of n(-1)?
6
Suppose -2*k = 9 - 41. Suppose 2*f + k = 4*f + 4*j, 4*f - 18 = -j. What is the units digit of (f - 5)*-51 + 3?
4
Let f(a) be the third derivative of -71*a**6/120 - a**4/24 - a**3/6 - 12*a**2. What is the units digit of f(-1)?
1
Let y(m) = m. Let x be y(5). Suppose 0 = x*v - g - 1001, 3*v - 5*g = 207 + 376. Suppose 16 - v = -5*f. What is the tens digit of f?
3
What is the thousands digit of 805600/350 - (-4)/14?
2
What is the tens digit of -4 + (7 - (-1665)/3)?
5
Let l(f) = f**2 - 1. Let z be l(5). Let x be 3/z + (-498)/16. Let r = x - -74. What is the units digit of r?
3
What is the hundreds digit of (-212)/2*(-13)/2?
6
Suppose -z + 16 + 38 = 0. What is the tens digit of z?
5
Let r(m) = -3*m - 1. Let i be r(-1). What is the tens digit of i/(-8)*-2*(126 + 32)?
7
Suppose 0 = 2*a - 2 - 2. Let j be 2 - -4*1/a. Suppose 5*t - 55 = 3*h - 4*h, -5*t - 170 = -j*h. What is the tens digit of h?
4
Suppose 0 = 5*l + 3*p - 2666, 5*l - 3*p - 480 = 2174. What is the tens digit of l?
3
Let f = -2920 - -6962. What is the hundreds digit of f?
0
Suppose 3*h + 1 - 16 = 0. Let d(s) = 6*s**3 - 2*s**3 + s**3 + 12 - 4*s**3 - 6*s - 4*s**2. What is the units digit of d(h)?
7
Suppose g = 3*g + 6. Let f = 30 - 28. What is the tens digit of (-29 - f)/(g - -2)?
3
Suppose 4*o - 5*w - 124 + 367 = 0, 114 = -2*o + 4*w. Let k = -114 - o. Let c = -19 - k. What is the tens digit of c?
2
Let y = -38 + 307. Suppose -10*x + y = -801. What is the units digit of x?
7
Let u = -104 + 317. Let w = 32 + u. What is the hundreds digit of w?
2
Let r = 1544 + -66. What is the tens digit of r?
7
Suppose 5*d - 27 = -l, -l - 4*d = l - 24. Suppose r - 6*r - 2*v = -l, 2*r = -v. What is the units digit of r?
2
Let u(q) be the first derivative of 7*q**3/3 + 49*q**2/2 + 23*q + 2